{"id":8,"date":"2018-04-17T14:35:34","date_gmt":"2018-04-17T14:35:34","guid":{"rendered":"https:\/\/www.aguaparalapaz.com\/?page_id=8"},"modified":"2023-09-19T11:37:57","modified_gmt":"2023-09-19T09:37:57","slug":"home","status":"publish","type":"page","link":"https:\/\/www.aguaparalapaz.com\/es\/","title":{"rendered":"El Salado: Agua para la paz."},"content":{"rendered":"","protected":false},"excerpt":{"rendered":"","protected":false},"featured_media":0,"parent":0,"menu_order":0,"comment_status":"closed","ping_status":"closed","template":"template-home.php","meta":{"_acf_changed":false,"_monsterinsights_skip_tracking":false,"_monsterinsights_sitenote_active":false,"_monsterinsights_sitenote_note":"","_monsterinsights_sitenote_category":0,"footnotes":""},"class_list":["post-8","page","type-page","status-publish","hentry"],"acf":[],"yoast_head":"<!-- This site is optimized with the Yoast SEO plugin v27.2 - https:\/\/yoast.com\/product\/yoast-seo-wordpress\/ -->\n<title>El Salado: Agua para la paz<\/title>\n<meta name=\"description\" content=\"La historia de El Salado: un s\u00edmbolo de recuperaci\u00f3n para los colombianos. @Ferrovial_es nos cuenta su historia en esta novela gr\u00e1fica. Desc\u00fabrela en: www.aguaparalapaz.com\" \/>\n<meta name=\"robots\" content=\"index, follow, max-snippet:-1, max-image-preview:large, max-video-preview:-1\" \/>\n<link rel=\"canonical\" href=\"https:\/\/www.aguaparalapaz.com\/es\/\" \/>\n<meta property=\"og:locale\" content=\"es_ES\" \/>\n<meta property=\"og:type\" content=\"article\" \/>\n<meta property=\"og:title\" content=\"El Salado: Agua para la paz\" \/>\n<meta property=\"og:description\" content=\"La historia de El Salado: un s\u00edmbolo de recuperaci\u00f3n para los colombianos. @Ferrovial_es nos cuenta su historia en esta novela gr\u00e1fica. Desc\u00fabrela en: www.aguaparalapaz.com\" \/>\n<meta property=\"og:url\" content=\"https:\/\/www.aguaparalapaz.com\/es\/\" \/>\n<meta property=\"og:site_name\" content=\"El Salado: Agua para la paz\" \/>\n<meta property=\"article:modified_time\" content=\"2023-09-19T09:37:57+00:00\" \/>\n<meta name=\"twitter:card\" content=\"summary_large_image\" \/>\n<script type=\"application\/ld+json\" class=\"yoast-schema-graph\">{\"@context\":\"https:\/\/schema.org\",\"@graph\":[{\"@type\":\"WebPage\",\"@id\":\"https:\/\/www.aguaparalapaz.com\/es\/\",\"url\":\"https:\/\/www.aguaparalapaz.com\/es\/\",\"name\":\"El Salado: Agua para la paz\",\"isPartOf\":{\"@id\":\"https:\/\/www.aguaparalapaz.com\/es\/#website\"},\"datePublished\":\"2018-04-17T14:35:34+00:00\",\"dateModified\":\"2023-09-19T09:37:57+00:00\",\"description\":\"La historia de El Salado: un s\u00edmbolo de recuperaci\u00f3n para los colombianos. @Ferrovial_es nos cuenta su historia en esta novela gr\u00e1fica. Desc\u00fabrela en: www.aguaparalapaz.com\",\"breadcrumb\":{\"@id\":\"https:\/\/www.aguaparalapaz.com\/es\/#breadcrumb\"},\"inLanguage\":\"es\",\"potentialAction\":[{\"@type\":\"ReadAction\",\"target\":[\"https:\/\/www.aguaparalapaz.com\/es\/\"]}]},{\"@type\":\"BreadcrumbList\",\"@id\":\"https:\/\/www.aguaparalapaz.com\/es\/#breadcrumb\",\"itemListElement\":[{\"@type\":\"ListItem\",\"position\":1,\"name\":\"Portada\",\"item\":\"https:\/\/www.aguaparalapaz.com\/es\/\"},{\"@type\":\"ListItem\",\"position\":2,\"name\":\"El Salado: Agua para la paz.\"}]},{\"@type\":\"WebSite\",\"@id\":\"https:\/\/www.aguaparalapaz.com\/es\/#website\",\"url\":\"https:\/\/www.aguaparalapaz.com\/es\/\",\"name\":\"El Salado: Agua para la paz\",\"description\":\"La historia de El Salado: un s\u00edmbolo de recuperaci\u00f3n para los colombianos. @Ferrovial_es nos cuenta su historia en esta novela gr\u00e1fica. Desc\u00fabrela en: www.aguaparalapaz.com\",\"potentialAction\":[{\"@type\":\"SearchAction\",\"target\":{\"@type\":\"EntryPoint\",\"urlTemplate\":\"https:\/\/www.aguaparalapaz.com\/es\/?s={search_term_string}\"},\"query-input\":{\"@type\":\"PropertyValueSpecification\",\"valueRequired\":true,\"valueName\":\"search_term_string\"}}],\"inLanguage\":\"es\"}]}<\/script>\n<!-- \/ Yoast SEO plugin. -->","yoast_head_json":{"title":"El Salado: Agua para la paz","description":"La historia de El Salado: un s\u00edmbolo de recuperaci\u00f3n para los colombianos. @Ferrovial_es nos cuenta su historia en esta novela gr\u00e1fica. Desc\u00fabrela en: www.aguaparalapaz.com","robots":{"index":"index","follow":"follow","max-snippet":"max-snippet:-1","max-image-preview":"max-image-preview:large","max-video-preview":"max-video-preview:-1"},"canonical":"https:\/\/www.aguaparalapaz.com\/es\/","og_locale":"es_ES","og_type":"article","og_title":"El Salado: Agua para la paz","og_description":"La historia de El Salado: un s\u00edmbolo de recuperaci\u00f3n para los colombianos. @Ferrovial_es nos cuenta su historia en esta novela gr\u00e1fica. Desc\u00fabrela en: www.aguaparalapaz.com","og_url":"https:\/\/www.aguaparalapaz.com\/es\/","og_site_name":"El Salado: Agua para la paz","article_modified_time":"2023-09-19T09:37:57+00:00","twitter_card":"summary_large_image","schema":{"@context":"https:\/\/schema.org","@graph":[{"@type":"WebPage","@id":"https:\/\/www.aguaparalapaz.com\/es\/","url":"https:\/\/www.aguaparalapaz.com\/es\/","name":"El Salado: Agua para la paz","isPartOf":{"@id":"https:\/\/www.aguaparalapaz.com\/es\/#website"},"datePublished":"2018-04-17T14:35:34+00:00","dateModified":"2023-09-19T09:37:57+00:00","description":"La historia de El Salado: un s\u00edmbolo de recuperaci\u00f3n para los colombianos. @Ferrovial_es nos cuenta su historia en esta novela gr\u00e1fica. Desc\u00fabrela en: www.aguaparalapaz.com","breadcrumb":{"@id":"https:\/\/www.aguaparalapaz.com\/es\/#breadcrumb"},"inLanguage":"es","potentialAction":[{"@type":"ReadAction","target":["https:\/\/www.aguaparalapaz.com\/es\/"]}]},{"@type":"BreadcrumbList","@id":"https:\/\/www.aguaparalapaz.com\/es\/#breadcrumb","itemListElement":[{"@type":"ListItem","position":1,"name":"Portada","item":"https:\/\/www.aguaparalapaz.com\/es\/"},{"@type":"ListItem","position":2,"name":"El Salado: Agua para la paz."}]},{"@type":"WebSite","@id":"https:\/\/www.aguaparalapaz.com\/es\/#website","url":"https:\/\/www.aguaparalapaz.com\/es\/","name":"El Salado: Agua para la paz","description":"La historia de El Salado: un s\u00edmbolo de recuperaci\u00f3n para los colombianos. @Ferrovial_es nos cuenta su historia en esta novela gr\u00e1fica. Desc\u00fabrela en: www.aguaparalapaz.com","potentialAction":[{"@type":"SearchAction","target":{"@type":"EntryPoint","urlTemplate":"https:\/\/www.aguaparalapaz.com\/es\/?s={search_term_string}"},"query-input":{"@type":"PropertyValueSpecification","valueRequired":true,"valueName":"search_term_string"}}],"inLanguage":"es"}]}},"_links":{"self":[{"href":"https:\/\/www.aguaparalapaz.com\/es\/wp-json\/wp\/v2\/pages\/8","targetHints":{"allow":["GET"]}}],"collection":[{"href":"https:\/\/www.aguaparalapaz.com\/es\/wp-json\/wp\/v2\/pages"}],"about":[{"href":"https:\/\/www.aguaparalapaz.com\/es\/wp-json\/wp\/v2\/types\/page"}],"replies":[{"embeddable":true,"href":"https:\/\/www.aguaparalapaz.com\/es\/wp-json\/wp\/v2\/comments?post=8"}],"version-history":[{"count":216,"href":"https:\/\/www.aguaparalapaz.com\/es\/wp-json\/wp\/v2\/pages\/8\/revisions"}],"predecessor-version":[{"id":861,"href":"https:\/\/www.aguaparalapaz.com\/es\/wp-json\/wp\/v2\/pages\/8\/revisions\/861"}],"wp:attachment":[{"href":"https:\/\/www.aguaparalapaz.com\/es\/wp-json\/wp\/v2\/media?parent=8"}],"curies":[{"name":"wp","href":"https:\/\/api.w.org\/{rel}","templated":true}]}}

<!-- This site is optimized with the Yoast SEO plugin v27.2 - https://yoast.com/product/yoast-seo-wordpress/ -->
<title>El Salado: Agua para la paz</title>
<meta name="description" content="La historia de El Salado: un símbolo de recuperación para los colombianos. @Ferrovial_es nos cuenta su historia en esta novela gráfica. Descúbrela en: www.aguaparalapaz.com" />
<meta name="robots" content="index, follow, max-snippet:-1, max-image-preview:large, max-video-preview:-1" />
<link rel="canonical" href="https://www.aguaparalapaz.com/es/" />
<meta property="og:locale" content="es_ES" />
<meta property="og:type" content="article" />
<meta property="og:title" content="El Salado: Agua para la paz" />
<meta property="og:description" content="La historia de El Salado: un símbolo de recuperación para los colombianos. @Ferrovial_es nos cuenta su historia en esta novela gráfica. Descúbrela en: www.aguaparalapaz.com" />
<meta property="og:url" content="https://www.aguaparalapaz.com/es/" />
<meta property="og:site_name" content="El Salado: Agua para la paz" />
<meta property="article:modified_time" content="2023-09-19T09:37:57+00:00" />
<meta name="twitter:card" content="summary_large_image" />
<script type="application/ld+json" class="yoast-schema-graph">{"@context":"https://schema.org","@graph":[{"@type":"WebPage","@id":"https://www.aguaparalapaz.com/es/","url":"https://www.aguaparalapaz.com/es/","name":"El Salado: Agua para la paz","isPartOf":{"@id":"https://www.aguaparalapaz.com/es/#website"},"datePublished":"2018-04-17T14:35:34+00:00","dateModified":"2023-09-19T09:37:57+00:00","description":"La historia de El Salado: un símbolo de recuperación para los colombianos. @Ferrovial_es nos cuenta su historia en esta novela gráfica. Descúbrela en: www.aguaparalapaz.com","breadcrumb":{"@id":"https://www.aguaparalapaz.com/es/#breadcrumb"},"inLanguage":"es","potentialAction":[{"@type":"ReadAction","target":["https://www.aguaparalapaz.com/es/"]}]},{"@type":"BreadcrumbList","@id":"https://www.aguaparalapaz.com/es/#breadcrumb","itemListElement":[{"@type":"ListItem","position":1,"name":"Portada","item":"https://www.aguaparalapaz.com/es/"},{"@type":"ListItem","position":2,"name":"El Salado: Agua para la paz."}]},{"@type":"WebSite","@id":"https://www.aguaparalapaz.com/es/#website","url":"https://www.aguaparalapaz.com/es/","name":"El Salado: Agua para la paz","description":"La historia de El Salado: un símbolo de recuperación para los colombianos. @Ferrovial_es nos cuenta su historia en esta novela gráfica. Descúbrela en: www.aguaparalapaz.com","potentialAction":[{"@type":"SearchAction","target":{"@type":"EntryPoint","urlTemplate":"https://www.aguaparalapaz.com/es/?s={search_term_string}"},"query-input":{"@type":"PropertyValueSpecification","valueRequired":true,"valueName":"search_term_string"}}],"inLanguage":"es"}]}</script>
<!-- / Yoast SEO plugin. -->

La historia de El Salado: un símbolo de recuperación para los colombianos. @Ferrovial_es nos cuenta su historia en esta novela gráfica. Descúbrela en: www.aguaparalapaz.com
